{"id":7211,"date":"2025-11-26T16:21:57","date_gmt":"2025-11-26T15:21:57","guid":{"rendered":"https:\/\/www.moritzbastei-ev.org\/wordpress\/event\/moritzkino-krampus-2015\/"},"modified":"2025-12-04T16:22:57","modified_gmt":"2025-12-04T15:22:57","slug":"moritzkino-krampus-2015","status":"publish","type":"tribe_events","link":"https:\/\/www.moritzbastei-ev.org\/wordpress\/event\/moritzkino-krampus-2015\/","title":{"rendered":"MoritzKino: KRAMPUS (2015)"},"content":{"rendered":"<p>&#8222;F\u00fcr Max (Emjay Anthony) sind die Weihnachtsfeiertage wenig erfreulich: Die gesamte Verwandtschaft entert das Haus, alle streiten sich, und zu essen gibt es den uns\u00e4glichen Weihnachtsbraten seiner Mutter (Toni Collette). Wie das Fest der Liebe f\u00fchlen sich diese unangenehmen Stunden f\u00fcr Max nicht an. Doch dann f\u00e4llt der Strom aus und in der Dunkelheit lauert noch etwas viel Schrecklicheres als die lieben Verwandten: der Krampus. Er wird angelockt durch die mangelnde Festtagsstimmung in Max\u2018 Elternhaus und kommt nun, um alle Ungl\u00e4ubigen zu bestrafen. Im Schlepptau hat er die Horrorversionen sonst so friedlicher Weihnachtsikonen. Max und seine Familie m\u00fcssen nun zusammenhalten, um die grausige Sagengestalt zu vertreiben, bevor die Monster-Variante des Weihnachtsmanns jemanden fressen kann\u2026&#8220; <a href=\"https:\/\/www.filmstarts.de\/kritiken\/228863.html\" target=\"_blank\" title=\"https:\/\/www.filmstarts.de\/kritiken\/228863.html\">https:\/\/www.filmstarts.de\/kritiken\/228863.html<\/a><\/p>\n<p>FSK ab 16 freigegeben<\/p>\n<p>wikipedia: Der Film basiert lose auf der Legende des Krampus, die ihren Ursprung im deutschsprachigen Alpenraum hat [&#8230;] Der Krampus, auch Kramperl oder Bartl, ist im Adventsbrauchtum eine Schreckgestalt in Begleitung des heiligen Nikolaus. (&#8230;) W\u00e4hrend der Nikolaus die braven Kinder beschenkt, werden die unartigen vom Krampus bestraft.<\/p>\n<p>Einlass 19.00 Uhr, Start 20.00 Uhr<br \/>\nEintritt wie immer frei und Knabberei<\/p>\n","protected":false},"excerpt":{"rendered":"<p>&#8222;F\u00fcr Max (Emjay Anthony) sind die Weihnachtsfeiertage wenig erfreulich: Die gesamte Verwandtschaft entert das Haus, alle streiten sich, und zu essen gibt es den uns\u00e4glichen Weihnachtsbraten seiner Mutter (Toni Collette). [&hellip;]<\/p>\n","protected":false},"author":1,"featured_media":7212,"comment_status":"closed","ping_status":"closed","template":"","meta":{"jetpack_post_was_ever_published":false,"_tribe_events_status":"","_tribe_events_status_reason":"","footnotes":""},"tags":[35,37,36],"tribe_events_cat":[21],"class_list":["post-7211","tribe_events","type-tribe_events","status-publish","has-post-thumbnail","hentry","tag-konzert","tag-moritzkonzert","tag-moritzliest","tribe_events_cat-mbevoeffentlich","cat_mbevoeffentlich"],"jetpack_sharing_enabled":true,"_links":{"self":[{"href":"https:\/\/www.moritzbastei-ev.org\/wordpress\/wp-json\/wp\/v2\/tribe_events\/7211","targetHints":{"allow":["GET"]}}],"collection":[{"href":"https:\/\/www.moritzbastei-ev.org\/wordpress\/wp-json\/wp\/v2\/tribe_events"}],"about":[{"href":"https:\/\/www.moritzbastei-ev.org\/wordpress\/wp-json\/wp\/v2\/types\/tribe_events"}],"author":[{"embeddable":true,"href":"https:\/\/www.moritzbastei-ev.org\/wordpress\/wp-json\/wp\/v2\/users\/1"}],"replies":[{"embeddable":true,"href":"https:\/\/www.moritzbastei-ev.org\/wordpress\/wp-json\/wp\/v2\/comments?post=7211"}],"version-history":[{"count":1,"href":"https:\/\/www.moritzbastei-ev.org\/wordpress\/wp-json\/wp\/v2\/tribe_events\/7211\/revisions"}],"predecessor-version":[{"id":7214,"href":"https:\/\/www.moritzbastei-ev.org\/wordpress\/wp-json\/wp\/v2\/tribe_events\/7211\/revisions\/7214"}],"wp:featuredmedia":[{"embeddable":true,"href":"https:\/\/www.moritzbastei-ev.org\/wordpress\/wp-json\/wp\/v2\/media\/7212"}],"wp:attachment":[{"href":"https:\/\/www.moritzbastei-ev.org\/wordpress\/wp-json\/wp\/v2\/media?parent=7211"}],"wp:term":[{"taxonomy":"post_tag","embeddable":true,"href":"https:\/\/www.moritzbastei-ev.org\/wordpress\/wp-json\/wp\/v2\/tags?post=7211"},{"taxonomy":"tribe_events_cat","embeddable":true,"href":"https:\/\/www.moritzbastei-ev.org\/wordpress\/wp-json\/wp\/v2\/tribe_events_cat?post=7211"}],"curies":[{"name":"wp","href":"https:\/\/api.w.org\/{rel}","templated":true}]}}

<p>&#8222;Für Max (Emjay Anthony) sind die Weihnachtsfeiertage wenig erfreulich: Die gesamte Verwandtschaft entert das Haus, alle streiten sich, und zu essen gibt es den unsäglichen Weihnachtsbraten seiner Mutter (Toni Collette). Wie das Fest der Liebe fühlen sich diese unangenehmen Stunden für Max nicht an. Doch dann fällt der Strom aus und in der Dunkelheit lauert noch etwas viel Schrecklicheres als die lieben Verwandten: der Krampus. Er wird angelockt durch die mangelnde Festtagsstimmung in Max‘ Elternhaus und kommt nun, um alle Ungläubigen zu bestrafen. Im Schlepptau hat er die Horrorversionen sonst so friedlicher Weihnachtsikonen. Max und seine Familie müssen nun zusammenhalten, um die grausige Sagengestalt zu vertreiben, bevor die Monster-Variante des Weihnachtsmanns jemanden fressen kann…&#8220; <a href="https://www.filmstarts.de/kritiken/228863.html" target="_blank" title="https://www.filmstarts.de/kritiken/228863.html">https://www.filmstarts.de/kritiken/228863.html</a></p>
<p>FSK ab 16 freigegeben</p>
<p>wikipedia: Der Film basiert lose auf der Legende des Krampus, die ihren Ursprung im deutschsprachigen Alpenraum hat [&#8230;] Der Krampus, auch Kramperl oder Bartl, ist im Adventsbrauchtum eine Schreckgestalt in Begleitung des heiligen Nikolaus. (&#8230;) Während der Nikolaus die braven Kinder beschenkt, werden die unartigen vom Krampus bestraft.</p>
<p>Einlass 19.00 Uhr, Start 20.00 Uhr<br />
Eintritt wie immer frei und Knabberei</p>

<p>&#8222;Für Max (Emjay Anthony) sind die Weihnachtsfeiertage wenig erfreulich: Die gesamte Verwandtschaft entert das Haus, alle streiten sich, und zu essen gibt es den unsäglichen Weihnachtsbraten seiner Mutter (Toni Collette). [&hellip;]</p>
