{"id":6471,"date":"2024-03-21T09:47:02","date_gmt":"2024-03-21T08:47:02","guid":{"rendered":"https:\/\/www.moritzbastei-ev.org\/wordpress\/event\/moritzkino-in-the-heights-2\/"},"modified":"2024-03-28T10:25:30","modified_gmt":"2024-03-28T09:25:30","slug":"moritzkino-in-the-heights-2","status":"publish","type":"tribe_events","link":"https:\/\/www.moritzbastei-ev.org\/wordpress\/event\/moritzkino-in-the-heights-2\/","title":{"rendered":"Moritzkino &#8211; In the Heights"},"content":{"rendered":"<p>Bodega-Besitzer Usnavi (Anthony Ramos) lebt in Manhattans Nordspitze, den Washington Heights. Wenn er nicht gerade in seinem Laden steht, k\u00fcmmert er sich um die alte kubanische Dame aus dem Nachbarhaus, himmelt das h\u00fcbsche M\u00e4dchen aus dem benachbarten Sch\u00f6nheitssalon an und tr\u00e4umt davon, im Lotto zu gewinnen. Mit dem Gewinn w\u00fcrde er an die K\u00fcste seiner Heimat ziehen, der Dominikanischen Republik. In diesem besonders hei\u00dfen Sommer kehrt Nina (Leslie Grace), eine Jugendfreundin von Usnavi, nach ihrem ersten Jahr am College mit \u00fcberraschenden Neuigkeiten zu ihren Eltern in die Nachbarschaft zur\u00fcck. Die haben bisher alles daf\u00fcr getan, um ihrer Tochter ein besseres Leben zu erm\u00f6glichen. Nicht nur Nina und Usnavi, auch viele andere in der Nachbarschaft k\u00e4mpfen mit sozialer Ungerechtigkeit, hoffen auf eine bessere Zukunft und tr\u00e4umen von der gro\u00dfen Liebe. Sie singen und tanzen in ihrer Lebensfreude vereint in den sonnengetr\u00e4nkten Stra\u00dfen des Big Apple.<\/p>\n<p>Adaption des Erfolgs-Musicals von Lin-Manuel Miranda \u00fcber die Ereignisse in einer hispanisch gepr\u00e4gten Gemeinde an drei hei\u00dfen Sommertagen in New York.<\/p>\n<p>Wir zeigen den Film in der Ratstonne. Wie gewohnt, Eintritt frei mit Knabberei!<br \/>\nQUELLEN:<br \/>\nText: https:\/\/www.filmstarts.de\/kritiken\/176634.html<br \/>\nBild: https:\/\/de.web.img3.acsta.net\/r_1920_1080\/pictures\/21\/06\/02\/12\/01\/0081180.jpg<\/p>\n","protected":false},"excerpt":{"rendered":"<p>Bodega-Besitzer Usnavi (Anthony Ramos) lebt in Manhattans Nordspitze, den Washington Heights. Wenn er nicht gerade in seinem Laden steht, k\u00fcmmert er sich um die alte kubanische Dame aus dem Nachbarhaus, [&hellip;]<\/p>\n","protected":false},"author":1,"featured_media":6472,"comment_status":"closed","ping_status":"closed","template":"","meta":{"jetpack_post_was_ever_published":false,"_tribe_events_status":"","_tribe_events_status_reason":"","footnotes":""},"tags":[35,37,36],"tribe_events_cat":[21],"class_list":["post-6471","tribe_events","type-tribe_events","status-publish","has-post-thumbnail","hentry","tag-konzert","tag-moritzkonzert","tag-moritzliest","tribe_events_cat-mbevoeffentlich","cat_mbevoeffentlich"],"jetpack_sharing_enabled":true,"_links":{"self":[{"href":"https:\/\/www.moritzbastei-ev.org\/wordpress\/wp-json\/wp\/v2\/tribe_events\/6471","targetHints":{"allow":["GET"]}}],"collection":[{"href":"https:\/\/www.moritzbastei-ev.org\/wordpress\/wp-json\/wp\/v2\/tribe_events"}],"about":[{"href":"https:\/\/www.moritzbastei-ev.org\/wordpress\/wp-json\/wp\/v2\/types\/tribe_events"}],"author":[{"embeddable":true,"href":"https:\/\/www.moritzbastei-ev.org\/wordpress\/wp-json\/wp\/v2\/users\/1"}],"replies":[{"embeddable":true,"href":"https:\/\/www.moritzbastei-ev.org\/wordpress\/wp-json\/wp\/v2\/comments?post=6471"}],"version-history":[{"count":1,"href":"https:\/\/www.moritzbastei-ev.org\/wordpress\/wp-json\/wp\/v2\/tribe_events\/6471\/revisions"}],"predecessor-version":[{"id":6474,"href":"https:\/\/www.moritzbastei-ev.org\/wordpress\/wp-json\/wp\/v2\/tribe_events\/6471\/revisions\/6474"}],"wp:featuredmedia":[{"embeddable":true,"href":"https:\/\/www.moritzbastei-ev.org\/wordpress\/wp-json\/wp\/v2\/media\/6472"}],"wp:attachment":[{"href":"https:\/\/www.moritzbastei-ev.org\/wordpress\/wp-json\/wp\/v2\/media?parent=6471"}],"wp:term":[{"taxonomy":"post_tag","embeddable":true,"href":"https:\/\/www.moritzbastei-ev.org\/wordpress\/wp-json\/wp\/v2\/tags?post=6471"},{"taxonomy":"tribe_events_cat","embeddable":true,"href":"https:\/\/www.moritzbastei-ev.org\/wordpress\/wp-json\/wp\/v2\/tribe_events_cat?post=6471"}],"curies":[{"name":"wp","href":"https:\/\/api.w.org\/{rel}","templated":true}]}}

<p>Bodega-Besitzer Usnavi (Anthony Ramos) lebt in Manhattans Nordspitze, den Washington Heights. Wenn er nicht gerade in seinem Laden steht, kümmert er sich um die alte kubanische Dame aus dem Nachbarhaus, himmelt das hübsche Mädchen aus dem benachbarten Schönheitssalon an und träumt davon, im Lotto zu gewinnen. Mit dem Gewinn würde er an die Küste seiner Heimat ziehen, der Dominikanischen Republik. In diesem besonders heißen Sommer kehrt Nina (Leslie Grace), eine Jugendfreundin von Usnavi, nach ihrem ersten Jahr am College mit überraschenden Neuigkeiten zu ihren Eltern in die Nachbarschaft zurück. Die haben bisher alles dafür getan, um ihrer Tochter ein besseres Leben zu ermöglichen. Nicht nur Nina und Usnavi, auch viele andere in der Nachbarschaft kämpfen mit sozialer Ungerechtigkeit, hoffen auf eine bessere Zukunft und träumen von der großen Liebe. Sie singen und tanzen in ihrer Lebensfreude vereint in den sonnengetränkten Straßen des Big Apple.</p>
<p>Adaption des Erfolgs-Musicals von Lin-Manuel Miranda über die Ereignisse in einer hispanisch geprägten Gemeinde an drei heißen Sommertagen in New York.</p>
<p>Wir zeigen den Film in der Ratstonne. Wie gewohnt, Eintritt frei mit Knabberei!<br />
QUELLEN:<br />
Text: https://www.filmstarts.de/kritiken/176634.html<br />
Bild: https://de.web.img3.acsta.net/r_1920_1080/pictures/21/06/02/12/01/0081180.jpg</p>

<p>Bodega-Besitzer Usnavi (Anthony Ramos) lebt in Manhattans Nordspitze, den Washington Heights. Wenn er nicht gerade in seinem Laden steht, kümmert er sich um die alte kubanische Dame aus dem Nachbarhaus, [&hellip;]</p>
