{"id":6257,"date":"2023-06-22T13:18:49","date_gmt":"2023-06-22T11:18:49","guid":{"rendered":"https:\/\/www.moritzbastei-ev.org\/wordpress\/event\/moritzkino-der-club-der-toten-dichter\/"},"modified":"2023-06-28T11:25:31","modified_gmt":"2023-06-28T09:25:31","slug":"moritzkino-der-club-der-toten-dichter","status":"publish","type":"tribe_events","link":"https:\/\/www.moritzbastei-ev.org\/wordpress\/event\/moritzkino-der-club-der-toten-dichter\/","title":{"rendered":"Moritzkino \u2013 Der Club der toten Dichter"},"content":{"rendered":"<p>Herbst 1959: Der Junglehrer John Keating (Robin Williams) tritt eine Stelle an einem konservativen College in Neuengland an. Mit Hilfe der Poesie bringt er seine Sch\u00fcler auf neue Gedanken: Durch die revolution\u00e4re Kraft des Poetischen werden sie auf Werte wie Freiheit und unkonventionelles Handeln aufmerksam. Einige der Jungen faszinieren die neuen Lehrinhalte und -methoden so sehr, dass sie einen geheimen Club &#8211; den Club der toten Dichter &#8211; gr\u00fcnden. Dessen Mitglieder treffen sich nachts in einer alten H\u00f6hle, um sich gegenseitig Gedichte vorzutragen. Weil aber die Welt drumherum konservativ bleibt und insbesondere der despotische Rektor Nolan (Norman Lloyd) alles tut, die freigeistigen Ausw\u00fcchse in seiner Institution zu bek\u00e4mpfen, endet der kurze Ausflug zur mentalen Unabh\u00e4ngigkeit tragisch&#8230;<\/p>\n<p>Wir zeigen den Film in der Ratstonne. Wie gewohnt, Eintritt frei mit Knabberei!<br \/>\nQUELLEN:<br \/>\nText: https:\/\/www.filmstarts.de\/kritiken\/5280.html<br \/>\nBild: https:\/\/www.filmstarts.de\/kritiken\/5280\/bilder\/?cmediafile=19289099<\/p>\n","protected":false},"excerpt":{"rendered":"<p>Herbst 1959: Der Junglehrer John Keating (Robin Williams) tritt eine Stelle an einem konservativen College in Neuengland an. Mit Hilfe der Poesie bringt er seine Sch\u00fcler auf neue Gedanken: Durch [&hellip;]<\/p>\n","protected":false},"author":1,"featured_media":6258,"comment_status":"closed","ping_status":"closed","template":"","meta":{"jetpack_post_was_ever_published":false,"_tribe_events_status":"","_tribe_events_status_reason":"","footnotes":""},"tags":[35,37,36],"tribe_events_cat":[21],"class_list":["post-6257","tribe_events","type-tribe_events","status-publish","has-post-thumbnail","hentry","tag-konzert","tag-moritzkonzert","tag-moritzliest","tribe_events_cat-mbevoeffentlich","cat_mbevoeffentlich"],"jetpack_sharing_enabled":true,"_links":{"self":[{"href":"https:\/\/www.moritzbastei-ev.org\/wordpress\/wp-json\/wp\/v2\/tribe_events\/6257","targetHints":{"allow":["GET"]}}],"collection":[{"href":"https:\/\/www.moritzbastei-ev.org\/wordpress\/wp-json\/wp\/v2\/tribe_events"}],"about":[{"href":"https:\/\/www.moritzbastei-ev.org\/wordpress\/wp-json\/wp\/v2\/types\/tribe_events"}],"author":[{"embeddable":true,"href":"https:\/\/www.moritzbastei-ev.org\/wordpress\/wp-json\/wp\/v2\/users\/1"}],"replies":[{"embeddable":true,"href":"https:\/\/www.moritzbastei-ev.org\/wordpress\/wp-json\/wp\/v2\/comments?post=6257"}],"version-history":[{"count":1,"href":"https:\/\/www.moritzbastei-ev.org\/wordpress\/wp-json\/wp\/v2\/tribe_events\/6257\/revisions"}],"predecessor-version":[{"id":6262,"href":"https:\/\/www.moritzbastei-ev.org\/wordpress\/wp-json\/wp\/v2\/tribe_events\/6257\/revisions\/6262"}],"wp:featuredmedia":[{"embeddable":true,"href":"https:\/\/www.moritzbastei-ev.org\/wordpress\/wp-json\/wp\/v2\/media\/6258"}],"wp:attachment":[{"href":"https:\/\/www.moritzbastei-ev.org\/wordpress\/wp-json\/wp\/v2\/media?parent=6257"}],"wp:term":[{"taxonomy":"post_tag","embeddable":true,"href":"https:\/\/www.moritzbastei-ev.org\/wordpress\/wp-json\/wp\/v2\/tags?post=6257"},{"taxonomy":"tribe_events_cat","embeddable":true,"href":"https:\/\/www.moritzbastei-ev.org\/wordpress\/wp-json\/wp\/v2\/tribe_events_cat?post=6257"}],"curies":[{"name":"wp","href":"https:\/\/api.w.org\/{rel}","templated":true}]}}

<p>Herbst 1959: Der Junglehrer John Keating (Robin Williams) tritt eine Stelle an einem konservativen College in Neuengland an. Mit Hilfe der Poesie bringt er seine Schüler auf neue Gedanken: Durch die revolutionäre Kraft des Poetischen werden sie auf Werte wie Freiheit und unkonventionelles Handeln aufmerksam. Einige der Jungen faszinieren die neuen Lehrinhalte und -methoden so sehr, dass sie einen geheimen Club &#8211; den Club der toten Dichter &#8211; gründen. Dessen Mitglieder treffen sich nachts in einer alten Höhle, um sich gegenseitig Gedichte vorzutragen. Weil aber die Welt drumherum konservativ bleibt und insbesondere der despotische Rektor Nolan (Norman Lloyd) alles tut, die freigeistigen Auswüchse in seiner Institution zu bekämpfen, endet der kurze Ausflug zur mentalen Unabhängigkeit tragisch&#8230;</p>
<p>Wir zeigen den Film in der Ratstonne. Wie gewohnt, Eintritt frei mit Knabberei!<br />
QUELLEN:<br />
Text: https://www.filmstarts.de/kritiken/5280.html<br />
Bild: https://www.filmstarts.de/kritiken/5280/bilder/?cmediafile=19289099</p>

<p>Herbst 1959: Der Junglehrer John Keating (Robin Williams) tritt eine Stelle an einem konservativen College in Neuengland an. Mit Hilfe der Poesie bringt er seine Schüler auf neue Gedanken: Durch [&hellip;]</p>
