{"id":5834,"date":"2023-02-15T09:47:03","date_gmt":"2023-02-15T08:47:03","guid":{"rendered":"https:\/\/www.moritzbastei-ev.org\/wordpress\/event\/moritzkino-star-trek-die-zukunft-hat-begonnen\/"},"modified":"2023-03-22T10:25:35","modified_gmt":"2023-03-22T09:25:35","slug":"moritzkino-star-trek-die-zukunft-hat-begonnen","status":"publish","type":"tribe_events","link":"https:\/\/www.moritzbastei-ev.org\/wordpress\/event\/moritzkino-star-trek-die-zukunft-hat-begonnen\/","title":{"rendered":"Moritzkino &#8211; STAR TREK &#8211; DIE ZUKUNFT HAT BEGONNEN"},"content":{"rendered":"<p>Wir schreiben das 23. Jahrhundert. Der junge James Tiberius Kirk (Chris Pine) ist ein Draufg\u00e4nger, der keiner Kneipenschl\u00e4gerei aus den Weg geht und bevorzugt mit dem Kopf durch die Wand marschiert. Der Hei\u00dfsporn bewirbt sich auf Rat eines alten Freundes seines verstorbenen Vaters (Chris Hemsworth) bei der Sternenflotten-Akademie der F\u00f6deration und findet in dem kauzigen Arzt Dr. Leonard &#8222;Pille&#8220; McCoy (Karl Urban) sogar gleich einen neuen Kumpel. Ansonsten macht sich der Frauenheld auf der Akademie eher Feinde. So wie den Halb-Vulkanier Spock (Zachary Quinto), dem auff\u00e4llt, dass Tiberius bei einer Pr\u00fcfung gemogelt hat. Die beiden entwickeln sich zu erbitterten Rivalen, m\u00fcssen ihre Feindseligkeiten jedoch aufgeben, als die U.S.S. Enterprise vom Stapel l\u00e4uft und Captain Pike bei einer Mission von dem romulanischen Outlaw Nero (Eric Bana) gefangen genommen wird, der nur von einem Gedanken beseelt ist: Rache!<\/p>\n<p>Wir zeigen den Film in der Ratstonne. Wie gewohnt, Eintritt frei mit Knabberei!<br \/>\nQUELLEN:<br \/>\nText: https:\/\/www.filmstarts.de\/kritiken\/114887.html<br \/>\nBild: https:\/\/www.warp-core.de\/wp-content\/uploads\/startrek2009_beitragsbild5.jpg<\/p>\n","protected":false},"excerpt":{"rendered":"<p>Wir schreiben das 23. Jahrhundert. Der junge James Tiberius Kirk (Chris Pine) ist ein Draufg\u00e4nger, der keiner Kneipenschl\u00e4gerei aus den Weg geht und bevorzugt mit dem Kopf durch die Wand [&hellip;]<\/p>\n","protected":false},"author":1,"featured_media":5835,"comment_status":"closed","ping_status":"closed","template":"","meta":{"jetpack_post_was_ever_published":false,"_tribe_events_status":"","_tribe_events_status_reason":"","footnotes":""},"tags":[35,37,36],"tribe_events_cat":[21],"class_list":["post-5834","tribe_events","type-tribe_events","status-publish","has-post-thumbnail","hentry","tag-konzert","tag-moritzkonzert","tag-moritzliest","tribe_events_cat-mbevoeffentlich","cat_mbevoeffentlich"],"jetpack_sharing_enabled":true,"_links":{"self":[{"href":"https:\/\/www.moritzbastei-ev.org\/wordpress\/wp-json\/wp\/v2\/tribe_events\/5834","targetHints":{"allow":["GET"]}}],"collection":[{"href":"https:\/\/www.moritzbastei-ev.org\/wordpress\/wp-json\/wp\/v2\/tribe_events"}],"about":[{"href":"https:\/\/www.moritzbastei-ev.org\/wordpress\/wp-json\/wp\/v2\/types\/tribe_events"}],"author":[{"embeddable":true,"href":"https:\/\/www.moritzbastei-ev.org\/wordpress\/wp-json\/wp\/v2\/users\/1"}],"replies":[{"embeddable":true,"href":"https:\/\/www.moritzbastei-ev.org\/wordpress\/wp-json\/wp\/v2\/comments?post=5834"}],"version-history":[{"count":1,"href":"https:\/\/www.moritzbastei-ev.org\/wordpress\/wp-json\/wp\/v2\/tribe_events\/5834\/revisions"}],"predecessor-version":[{"id":5841,"href":"https:\/\/www.moritzbastei-ev.org\/wordpress\/wp-json\/wp\/v2\/tribe_events\/5834\/revisions\/5841"}],"wp:featuredmedia":[{"embeddable":true,"href":"https:\/\/www.moritzbastei-ev.org\/wordpress\/wp-json\/wp\/v2\/media\/5835"}],"wp:attachment":[{"href":"https:\/\/www.moritzbastei-ev.org\/wordpress\/wp-json\/wp\/v2\/media?parent=5834"}],"wp:term":[{"taxonomy":"post_tag","embeddable":true,"href":"https:\/\/www.moritzbastei-ev.org\/wordpress\/wp-json\/wp\/v2\/tags?post=5834"},{"taxonomy":"tribe_events_cat","embeddable":true,"href":"https:\/\/www.moritzbastei-ev.org\/wordpress\/wp-json\/wp\/v2\/tribe_events_cat?post=5834"}],"curies":[{"name":"wp","href":"https:\/\/api.w.org\/{rel}","templated":true}]}}

<p>Wir schreiben das 23. Jahrhundert. Der junge James Tiberius Kirk (Chris Pine) ist ein Draufgänger, der keiner Kneipenschlägerei aus den Weg geht und bevorzugt mit dem Kopf durch die Wand marschiert. Der Heißsporn bewirbt sich auf Rat eines alten Freundes seines verstorbenen Vaters (Chris Hemsworth) bei der Sternenflotten-Akademie der Föderation und findet in dem kauzigen Arzt Dr. Leonard &#8222;Pille&#8220; McCoy (Karl Urban) sogar gleich einen neuen Kumpel. Ansonsten macht sich der Frauenheld auf der Akademie eher Feinde. So wie den Halb-Vulkanier Spock (Zachary Quinto), dem auffällt, dass Tiberius bei einer Prüfung gemogelt hat. Die beiden entwickeln sich zu erbitterten Rivalen, müssen ihre Feindseligkeiten jedoch aufgeben, als die U.S.S. Enterprise vom Stapel läuft und Captain Pike bei einer Mission von dem romulanischen Outlaw Nero (Eric Bana) gefangen genommen wird, der nur von einem Gedanken beseelt ist: Rache!</p>
<p>Wir zeigen den Film in der Ratstonne. Wie gewohnt, Eintritt frei mit Knabberei!<br />
QUELLEN:<br />
Text: https://www.filmstarts.de/kritiken/114887.html<br />
Bild: https://www.warp-core.de/wp-content/uploads/startrek2009_beitragsbild5.jpg</p>

<p>Wir schreiben das 23. Jahrhundert. Der junge James Tiberius Kirk (Chris Pine) ist ein Draufgänger, der keiner Kneipenschlägerei aus den Weg geht und bevorzugt mit dem Kopf durch die Wand [&hellip;]</p>
