{"id":5830,"date":"2023-02-15T09:47:02","date_gmt":"2023-02-15T08:47:02","guid":{"rendered":"https:\/\/www.moritzbastei-ev.org\/wordpress\/event\/moritzkino-10-dinge-die-ich-an-dir-hasse\/"},"modified":"2023-05-12T11:25:34","modified_gmt":"2023-05-12T09:25:34","slug":"moritzkino-10-dinge-die-ich-an-dir-hasse","status":"publish","type":"tribe_events","link":"https:\/\/www.moritzbastei-ev.org\/wordpress\/event\/moritzkino-10-dinge-die-ich-an-dir-hasse\/","title":{"rendered":"Moritzkino &#8211; 10 Dinge die ich an Dir hasse"},"content":{"rendered":"<p>Basierend auf William Shakespeares Drama \u201eDer Widerspenstigen Z\u00e4hmung\u201c erz\u00e4hlt das Teenie-Drama die Geschichte des neuen Sch\u00fclers Cameron James (Joseph Gordon-Levitt), der unsterblich in die Schulsch\u00f6nheit Bianca Statford (Laris Oleynik) verliebt ist. Cameron stellen sich aber zwei schwerwiegende Probleme in den Weg. Zum einen hat Bianca kein Interesse an ihm, sondern nur an dem geschniegelten Joey Donner (Andrew Keegan), und zum anderen darf sie erst dann mit einem Jungen ausgehen, wenn das auch ihre \u00e4ltere Schwester Katarina (Julia Stiles) tut. Die aber benimmt sich so selbstbewusst, dass sich keiner der m\u00f6glichen Verehrer in ihre N\u00e4he traut. Aber Cameron ist nicht auf den Kopf gefallen. Um an sein Ziel zu kommen, engagiert er Patrick Verona (Heath Ledger), damit dieser ein Date mit Katerina vereinbart. Bei solchen Gesch\u00e4ften sind Verwicklungen nat\u00fcrlich vorprogrammiert.<\/p>\n<p>Wir zeigen den Film in der Ratstonne. Wie gewohnt, Eintritt frei mit Knabberei!<br \/>\nQUELLEN:<br \/>\nText: https:\/\/www.filmstarts.de\/kritiken\/25449.html<br \/>\nBild: https:\/\/www.tvmovie.de\/bilder\/760\/040148a9659658766532ffd9b53efacf9f913be7.jpg?itok=UdXO6Sxv<\/p>\n","protected":false},"excerpt":{"rendered":"<p>Basierend auf William Shakespeares Drama \u201eDer Widerspenstigen Z\u00e4hmung\u201c erz\u00e4hlt das Teenie-Drama die Geschichte des neuen Sch\u00fclers Cameron James (Joseph Gordon-Levitt), der unsterblich in die Schulsch\u00f6nheit Bianca Statford (Laris Oleynik) verliebt [&hellip;]<\/p>\n","protected":false},"author":1,"featured_media":5831,"comment_status":"closed","ping_status":"closed","template":"","meta":{"jetpack_post_was_ever_published":false,"_tribe_events_status":"","_tribe_events_status_reason":"","footnotes":""},"tags":[35,37,36],"tribe_events_cat":[21],"class_list":["post-5830","tribe_events","type-tribe_events","status-publish","has-post-thumbnail","hentry","tag-konzert","tag-moritzkonzert","tag-moritzliest","tribe_events_cat-mbevoeffentlich","cat_mbevoeffentlich"],"jetpack_sharing_enabled":true,"_links":{"self":[{"href":"https:\/\/www.moritzbastei-ev.org\/wordpress\/wp-json\/wp\/v2\/tribe_events\/5830","targetHints":{"allow":["GET"]}}],"collection":[{"href":"https:\/\/www.moritzbastei-ev.org\/wordpress\/wp-json\/wp\/v2\/tribe_events"}],"about":[{"href":"https:\/\/www.moritzbastei-ev.org\/wordpress\/wp-json\/wp\/v2\/types\/tribe_events"}],"author":[{"embeddable":true,"href":"https:\/\/www.moritzbastei-ev.org\/wordpress\/wp-json\/wp\/v2\/users\/1"}],"replies":[{"embeddable":true,"href":"https:\/\/www.moritzbastei-ev.org\/wordpress\/wp-json\/wp\/v2\/comments?post=5830"}],"version-history":[{"count":1,"href":"https:\/\/www.moritzbastei-ev.org\/wordpress\/wp-json\/wp\/v2\/tribe_events\/5830\/revisions"}],"predecessor-version":[{"id":5839,"href":"https:\/\/www.moritzbastei-ev.org\/wordpress\/wp-json\/wp\/v2\/tribe_events\/5830\/revisions\/5839"}],"wp:featuredmedia":[{"embeddable":true,"href":"https:\/\/www.moritzbastei-ev.org\/wordpress\/wp-json\/wp\/v2\/media\/5831"}],"wp:attachment":[{"href":"https:\/\/www.moritzbastei-ev.org\/wordpress\/wp-json\/wp\/v2\/media?parent=5830"}],"wp:term":[{"taxonomy":"post_tag","embeddable":true,"href":"https:\/\/www.moritzbastei-ev.org\/wordpress\/wp-json\/wp\/v2\/tags?post=5830"},{"taxonomy":"tribe_events_cat","embeddable":true,"href":"https:\/\/www.moritzbastei-ev.org\/wordpress\/wp-json\/wp\/v2\/tribe_events_cat?post=5830"}],"curies":[{"name":"wp","href":"https:\/\/api.w.org\/{rel}","templated":true}]}}

<p>Basierend auf William Shakespeares Drama „Der Widerspenstigen Zähmung“ erzählt das Teenie-Drama die Geschichte des neuen Schülers Cameron James (Joseph Gordon-Levitt), der unsterblich in die Schulschönheit Bianca Statford (Laris Oleynik) verliebt ist. Cameron stellen sich aber zwei schwerwiegende Probleme in den Weg. Zum einen hat Bianca kein Interesse an ihm, sondern nur an dem geschniegelten Joey Donner (Andrew Keegan), und zum anderen darf sie erst dann mit einem Jungen ausgehen, wenn das auch ihre ältere Schwester Katarina (Julia Stiles) tut. Die aber benimmt sich so selbstbewusst, dass sich keiner der möglichen Verehrer in ihre Nähe traut. Aber Cameron ist nicht auf den Kopf gefallen. Um an sein Ziel zu kommen, engagiert er Patrick Verona (Heath Ledger), damit dieser ein Date mit Katerina vereinbart. Bei solchen Geschäften sind Verwicklungen natürlich vorprogrammiert.</p>
<p>Wir zeigen den Film in der Ratstonne. Wie gewohnt, Eintritt frei mit Knabberei!<br />
QUELLEN:<br />
Text: https://www.filmstarts.de/kritiken/25449.html<br />
Bild: https://www.tvmovie.de/bilder/760/040148a9659658766532ffd9b53efacf9f913be7.jpg?itok=UdXO6Sxv</p>

<p>Basierend auf William Shakespeares Drama „Der Widerspenstigen Zähmung“ erzählt das Teenie-Drama die Geschichte des neuen Schülers Cameron James (Joseph Gordon-Levitt), der unsterblich in die Schulschönheit Bianca Statford (Laris Oleynik) verliebt [&hellip;]</p>
