{"id":5722,"date":"2023-01-13T09:47:03","date_gmt":"2023-01-13T08:47:03","guid":{"rendered":"https:\/\/www.moritzbastei-ev.org\/wordpress\/event\/moritzkino-rock-n-rolla\/"},"modified":"2023-01-19T10:25:30","modified_gmt":"2023-01-19T09:25:30","slug":"moritzkino-rock-n-rolla","status":"publish","type":"tribe_events","link":"https:\/\/www.moritzbastei-ev.org\/wordpress\/event\/moritzkino-rock-n-rolla\/","title":{"rendered":"Moritzkino &#8211; ROCK N ROLLA"},"content":{"rendered":"<p>Der Unterwelt-Pate Lenny Cole (Tom Wilkinson) hat drei Londoner Kleinganoven bei einer Grundst\u00fcckspekulation b\u00f6se auflaufen lassen. Am Ende der verungl\u00fcckten Aktion hat das Trio aus One Two (Gerard Butler), Bob (Tom Hardy) und Mumbles (Idris Elba) Schulden von zwei Millionen Pfund. Da kommt ihnen ein Gesch\u00e4ft, das die gerissene Buchhalterin Stella (Thandie Newton) vorschl\u00e4gt, gerade recht. Ihr Boss, der skrupellose russische Milliard\u00e4r Uri Obomavich (Karel Roden), will Lennys Kontakte im Stadtrat nutzen, um sich eine Baugenehmigung zu erschleichen. Die sieben Millionen Pfund Schmiergeld fangen die drei Kleinganoven auf Stellas Tipp hin bei der \u00dcbergabe ab. Doch das ist nur der Anfang von nicht enden wollenden Verwicklungen&#8230;<\/p>\n<p>Wir zeigen den Film in der Ratstonne. Wie gewohnt, Eintritt frei mit Knabberei!<br \/>\nQUELLEN:<br \/>\nText: https:\/\/www.filmstarts.de\/kritiken\/128830.html<br \/>\nBild: http:\/\/bilder.4ever.eu\/kunst\/film-und-serien\/rocknrolla-184860<\/p>\n","protected":false},"excerpt":{"rendered":"<p>Der Unterwelt-Pate Lenny Cole (Tom Wilkinson) hat drei Londoner Kleinganoven bei einer Grundst\u00fcckspekulation b\u00f6se auflaufen lassen. Am Ende der verungl\u00fcckten Aktion hat das Trio aus One Two (Gerard Butler), Bob [&hellip;]<\/p>\n","protected":false},"author":1,"featured_media":5723,"comment_status":"closed","ping_status":"closed","template":"","meta":{"jetpack_post_was_ever_published":false,"_tribe_events_status":"","_tribe_events_status_reason":"","footnotes":""},"tags":[35,37,36],"tribe_events_cat":[21],"class_list":["post-5722","tribe_events","type-tribe_events","status-publish","has-post-thumbnail","hentry","tag-konzert","tag-moritzkonzert","tag-moritzliest","tribe_events_cat-mbevoeffentlich","cat_mbevoeffentlich"],"jetpack_sharing_enabled":true,"_links":{"self":[{"href":"https:\/\/www.moritzbastei-ev.org\/wordpress\/wp-json\/wp\/v2\/tribe_events\/5722","targetHints":{"allow":["GET"]}}],"collection":[{"href":"https:\/\/www.moritzbastei-ev.org\/wordpress\/wp-json\/wp\/v2\/tribe_events"}],"about":[{"href":"https:\/\/www.moritzbastei-ev.org\/wordpress\/wp-json\/wp\/v2\/types\/tribe_events"}],"author":[{"embeddable":true,"href":"https:\/\/www.moritzbastei-ev.org\/wordpress\/wp-json\/wp\/v2\/users\/1"}],"replies":[{"embeddable":true,"href":"https:\/\/www.moritzbastei-ev.org\/wordpress\/wp-json\/wp\/v2\/comments?post=5722"}],"version-history":[{"count":1,"href":"https:\/\/www.moritzbastei-ev.org\/wordpress\/wp-json\/wp\/v2\/tribe_events\/5722\/revisions"}],"predecessor-version":[{"id":5725,"href":"https:\/\/www.moritzbastei-ev.org\/wordpress\/wp-json\/wp\/v2\/tribe_events\/5722\/revisions\/5725"}],"wp:featuredmedia":[{"embeddable":true,"href":"https:\/\/www.moritzbastei-ev.org\/wordpress\/wp-json\/wp\/v2\/media\/5723"}],"wp:attachment":[{"href":"https:\/\/www.moritzbastei-ev.org\/wordpress\/wp-json\/wp\/v2\/media?parent=5722"}],"wp:term":[{"taxonomy":"post_tag","embeddable":true,"href":"https:\/\/www.moritzbastei-ev.org\/wordpress\/wp-json\/wp\/v2\/tags?post=5722"},{"taxonomy":"tribe_events_cat","embeddable":true,"href":"https:\/\/www.moritzbastei-ev.org\/wordpress\/wp-json\/wp\/v2\/tribe_events_cat?post=5722"}],"curies":[{"name":"wp","href":"https:\/\/api.w.org\/{rel}","templated":true}]}}

<p>Der Unterwelt-Pate Lenny Cole (Tom Wilkinson) hat drei Londoner Kleinganoven bei einer Grundstückspekulation böse auflaufen lassen. Am Ende der verunglückten Aktion hat das Trio aus One Two (Gerard Butler), Bob (Tom Hardy) und Mumbles (Idris Elba) Schulden von zwei Millionen Pfund. Da kommt ihnen ein Geschäft, das die gerissene Buchhalterin Stella (Thandie Newton) vorschlägt, gerade recht. Ihr Boss, der skrupellose russische Milliardär Uri Obomavich (Karel Roden), will Lennys Kontakte im Stadtrat nutzen, um sich eine Baugenehmigung zu erschleichen. Die sieben Millionen Pfund Schmiergeld fangen die drei Kleinganoven auf Stellas Tipp hin bei der Übergabe ab. Doch das ist nur der Anfang von nicht enden wollenden Verwicklungen&#8230;</p>
<p>Wir zeigen den Film in der Ratstonne. Wie gewohnt, Eintritt frei mit Knabberei!<br />
QUELLEN:<br />
Text: https://www.filmstarts.de/kritiken/128830.html<br />
Bild: http://bilder.4ever.eu/kunst/film-und-serien/rocknrolla-184860</p>

<p>Der Unterwelt-Pate Lenny Cole (Tom Wilkinson) hat drei Londoner Kleinganoven bei einer Grundstückspekulation böse auflaufen lassen. Am Ende der verunglückten Aktion hat das Trio aus One Two (Gerard Butler), Bob [&hellip;]</p>
