{"id":5686,"date":"2022-12-09T09:47:02","date_gmt":"2022-12-09T08:47:02","guid":{"rendered":"https:\/\/www.moritzbastei-ev.org\/wordpress\/event\/kinder-weihnachtsmaerchen-theater-schneeweisschen-und-rosenrot\/"},"modified":"2022-12-18T10:25:29","modified_gmt":"2022-12-18T09:25:29","slug":"kinder-weihnachtsmaerchen-theater-schneeweisschen-und-rosenrot","status":"publish","type":"tribe_events","link":"https:\/\/www.moritzbastei-ev.org\/wordpress\/event\/kinder-weihnachtsmaerchen-theater-schneeweisschen-und-rosenrot\/","title":{"rendered":"Kinder-Weihnachtsm\u00e4rchen-Theater &#8222;Schneewei\u00dfchen und Rosenrot&#8220;"},"content":{"rendered":"<p>Traditionell l\u00e4dt der Moritzbastei e.V. jedes Jahr am Sonntag vor Heiligabend alle Kinder zur m\u00e4rchenhaften Kinderweihnacht ein!<\/p>\n<p>Dieses Jahr spielt das Team &amp; seine Freunde f\u00fcr euch \u201eSchneewei\u00dfchen und Rosenrot&#8220;. <\/p>\n<p>Wie immer einmal quer durch die zauberhaften, geheimnisvollen Gew\u00f6lbe der Moritzbastei und nat\u00fcrlich mit Basteln, R\u00e4tseln, Mitmachen und Klamauk! Lasst euch \u00fcberraschen!<\/p>\n<p>Nach dem Weihnachtsm\u00e4rchenzauber kommt der Weihnachtsmann vorbei und h\u00f6rt sich Eure Darbietungen an.<\/p>\n<p>F\u00fcr Kinder und Junggebliebene,<br \/>\nEintritt frei.<\/p>\n<p>Freut euch am 18. Dezember auf einen Nachmittag mit uns. Wir freuen uns jedenfalls schon sehr auf euch!<\/p>\n<p>Treffpunkt: Moritzbastei, Schwalbennesteingang Innenhof (Unterkeller)<\/p>\n<p>Einlass: ab 13:45<br \/>\nBeginn: 14:30<br \/>\nDauer ca. 90 Minuten<\/p>\n<p>www.moritzbastei-ev.org<\/p>\n<p>Bild, gemeinfrei: Fiona F. Hart &#8211; Young, Ella Flagg and Field, Walter Taylor (1914). The Young and Field Literary Readers, Book 3. Ginn and Company. Page 46.<\/p>\n","protected":false},"excerpt":{"rendered":"<p>Traditionell l\u00e4dt der Moritzbastei e.V. jedes Jahr am Sonntag vor Heiligabend alle Kinder zur m\u00e4rchenhaften Kinderweihnacht ein! Dieses Jahr spielt das Team &amp; seine Freunde f\u00fcr euch \u201eSchneewei\u00dfchen und Rosenrot&#8220;. [&hellip;]<\/p>\n","protected":false},"author":1,"featured_media":5687,"comment_status":"closed","ping_status":"closed","template":"","meta":{"jetpack_post_was_ever_published":false,"_tribe_events_status":"","_tribe_events_status_reason":"","footnotes":""},"tags":[35,37,36],"tribe_events_cat":[21],"class_list":["post-5686","tribe_events","type-tribe_events","status-publish","has-post-thumbnail","hentry","tag-konzert","tag-moritzkonzert","tag-moritzliest","tribe_events_cat-mbevoeffentlich","cat_mbevoeffentlich"],"jetpack_sharing_enabled":true,"_links":{"self":[{"href":"https:\/\/www.moritzbastei-ev.org\/wordpress\/wp-json\/wp\/v2\/tribe_events\/5686","targetHints":{"allow":["GET"]}}],"collection":[{"href":"https:\/\/www.moritzbastei-ev.org\/wordpress\/wp-json\/wp\/v2\/tribe_events"}],"about":[{"href":"https:\/\/www.moritzbastei-ev.org\/wordpress\/wp-json\/wp\/v2\/types\/tribe_events"}],"author":[{"embeddable":true,"href":"https:\/\/www.moritzbastei-ev.org\/wordpress\/wp-json\/wp\/v2\/users\/1"}],"replies":[{"embeddable":true,"href":"https:\/\/www.moritzbastei-ev.org\/wordpress\/wp-json\/wp\/v2\/comments?post=5686"}],"version-history":[{"count":1,"href":"https:\/\/www.moritzbastei-ev.org\/wordpress\/wp-json\/wp\/v2\/tribe_events\/5686\/revisions"}],"predecessor-version":[{"id":5689,"href":"https:\/\/www.moritzbastei-ev.org\/wordpress\/wp-json\/wp\/v2\/tribe_events\/5686\/revisions\/5689"}],"wp:featuredmedia":[{"embeddable":true,"href":"https:\/\/www.moritzbastei-ev.org\/wordpress\/wp-json\/wp\/v2\/media\/5687"}],"wp:attachment":[{"href":"https:\/\/www.moritzbastei-ev.org\/wordpress\/wp-json\/wp\/v2\/media?parent=5686"}],"wp:term":[{"taxonomy":"post_tag","embeddable":true,"href":"https:\/\/www.moritzbastei-ev.org\/wordpress\/wp-json\/wp\/v2\/tags?post=5686"},{"taxonomy":"tribe_events_cat","embeddable":true,"href":"https:\/\/www.moritzbastei-ev.org\/wordpress\/wp-json\/wp\/v2\/tribe_events_cat?post=5686"}],"curies":[{"name":"wp","href":"https:\/\/api.w.org\/{rel}","templated":true}]}}

Kinder-Weihnachtsmärchen-Theater &#8222;Schneeweißchen und Rosenrot&#8220;

<p>Traditionell lädt der Moritzbastei e.V. jedes Jahr am Sonntag vor Heiligabend alle Kinder zur märchenhaften Kinderweihnacht ein!</p>
<p>Dieses Jahr spielt das Team &amp; seine Freunde für euch „Schneeweißchen und Rosenrot&#8220;. </p>
<p>Wie immer einmal quer durch die zauberhaften, geheimnisvollen Gewölbe der Moritzbastei und natürlich mit Basteln, Rätseln, Mitmachen und Klamauk! Lasst euch überraschen!</p>
<p>Nach dem Weihnachtsmärchenzauber kommt der Weihnachtsmann vorbei und hört sich Eure Darbietungen an.</p>
<p>Für Kinder und Junggebliebene,<br />
Eintritt frei.</p>
<p>Freut euch am 18. Dezember auf einen Nachmittag mit uns. Wir freuen uns jedenfalls schon sehr auf euch!</p>
<p>Treffpunkt: Moritzbastei, Schwalbennesteingang Innenhof (Unterkeller)</p>
<p>Einlass: ab 13:45<br />
Beginn: 14:30<br />
Dauer ca. 90 Minuten</p>
<p>www.moritzbastei-ev.org</p>
<p>Bild, gemeinfrei: Fiona F. Hart &#8211; Young, Ella Flagg and Field, Walter Taylor (1914). The Young and Field Literary Readers, Book 3. Ginn and Company. Page 46.</p>

<p>Traditionell lädt der Moritzbastei e.V. jedes Jahr am Sonntag vor Heiligabend alle Kinder zur märchenhaften Kinderweihnacht ein! Dieses Jahr spielt das Team &amp; seine Freunde für euch „Schneeweißchen und Rosenrot&#8220;. [&hellip;]</p>
