{"id":5115,"date":"2021-08-02T10:54:35","date_gmt":"2021-08-02T08:54:35","guid":{"rendered":"https:\/\/www.moritzbastei-ev.org\/wordpress\/event\/moritzkino-sommeredition-underwater-es-ist-erwacht\/"},"modified":"2021-08-31T10:48:01","modified_gmt":"2021-08-31T08:48:01","slug":"moritzkino-sommeredition-underwater-es-ist-erwacht","status":"publish","type":"tribe_events","link":"https:\/\/www.moritzbastei-ev.org\/wordpress\/event\/moritzkino-sommeredition-underwater-es-ist-erwacht\/","title":{"rendered":"Moritzkino Sommeredition &#8211; Underwater &#8211; Es ist erwacht"},"content":{"rendered":"<p>!! ACHTUNG: Bedingt durch das Wetter zeigen wir den Film in der Veranstalltungstonne (VT) !!<\/p>\n<p>&#8222;Sieben Meilen unter dem Meeresspiegel liegt eine Hightech-Forschungsstation, in der ein Team von Wissenschaftlern und Technikern Bohrungen vornehmen soll. Doch das klaustrophobische Leben in tiefster Tiefe, das Ingenieurin Norah (Kristen Stewart) und ihre Kollegen f\u00fchren, wird eines Tages von einem Erdbeben ersch\u00fcttert, das die H\u00fclle der Station zerst\u00f6rt. Wasser str\u00f6mt herein und t\u00f6tet die meisten Crewmitglieder, doch Norah und ihr Kollege Rodrigo (Mamoudou Athie) machen sich auf die Suche nach weiteren \u00dcberlebenden. Gemeinsam mit Emily (Jessica Henwick), Paul (T.J. Miller), dem Kapit\u00e4n (Vincent Cassel) und einigen anderen wagen sie schlie\u00dflich den verzweifelten Versuch, in Taucheranz\u00fcgen \u00fcber den Meeresboden bis zur nahegelegenen Bohrstation vorzudringen. Doch dabei m\u00fcssen sie sich nicht nur mit schlechten Sichtverh\u00e4ltnissen und hohem Druck herumschlagen, sondern werden auch von geheimnisvollen Kreaturen attackiert, die das Beben freigesetzt hat\u2026&#8220;<\/p>\n<p>Wir zeigen den Film in der VT \ud83d\ude42 Wie gewohnt, Eintritt frei mit Knabberei!<br \/>\nWICHTIG: Bitte beachtet die aktuellen HYGIENEVORSCHRIFTEN der Moritzbastei, haltet Abstand (mind 1,5), wascht euch die H\u00e4nde, wenn ihr niesen oder husten m\u00fcsst: immer in die Armbeuge. wenn ihr euch nicht gesund f\u00fchlt, bleibt Bitte zu Hause!<br \/>\nQUELLEN:<br \/>\nText: https:\/\/www.filmstarts.de\/kritiken\/254155.html<br \/>\nBild: https:\/\/www.serienjunkies.de\/news\/underwater-trailer-thriller-kristen-stewart-97668.html<\/p>\n","protected":false},"excerpt":{"rendered":"<p>!! ACHTUNG: Bedingt durch das Wetter zeigen wir den Film in der Veranstalltungstonne (VT) !! &#8222;Sieben Meilen unter dem Meeresspiegel liegt eine Hightech-Forschungsstation, in der ein Team von Wissenschaftlern und [&hellip;]<\/p>\n","protected":false},"author":1,"featured_media":5116,"comment_status":"closed","ping_status":"closed","template":"","meta":{"jetpack_post_was_ever_published":false,"_tribe_events_status":"","_tribe_events_status_reason":"","footnotes":""},"tags":[35,37,36],"tribe_events_cat":[21],"class_list":["post-5115","tribe_events","type-tribe_events","status-publish","has-post-thumbnail","hentry","tag-konzert","tag-moritzkonzert","tag-moritzliest","tribe_events_cat-mbevoeffentlich","cat_mbevoeffentlich"],"jetpack_sharing_enabled":true,"_links":{"self":[{"href":"https:\/\/www.moritzbastei-ev.org\/wordpress\/wp-json\/wp\/v2\/tribe_events\/5115","targetHints":{"allow":["GET"]}}],"collection":[{"href":"https:\/\/www.moritzbastei-ev.org\/wordpress\/wp-json\/wp\/v2\/tribe_events"}],"about":[{"href":"https:\/\/www.moritzbastei-ev.org\/wordpress\/wp-json\/wp\/v2\/types\/tribe_events"}],"author":[{"embeddable":true,"href":"https:\/\/www.moritzbastei-ev.org\/wordpress\/wp-json\/wp\/v2\/users\/1"}],"replies":[{"embeddable":true,"href":"https:\/\/www.moritzbastei-ev.org\/wordpress\/wp-json\/wp\/v2\/comments?post=5115"}],"version-history":[{"count":2,"href":"https:\/\/www.moritzbastei-ev.org\/wordpress\/wp-json\/wp\/v2\/tribe_events\/5115\/revisions"}],"predecessor-version":[{"id":5166,"href":"https:\/\/www.moritzbastei-ev.org\/wordpress\/wp-json\/wp\/v2\/tribe_events\/5115\/revisions\/5166"}],"wp:featuredmedia":[{"embeddable":true,"href":"https:\/\/www.moritzbastei-ev.org\/wordpress\/wp-json\/wp\/v2\/media\/5116"}],"wp:attachment":[{"href":"https:\/\/www.moritzbastei-ev.org\/wordpress\/wp-json\/wp\/v2\/media?parent=5115"}],"wp:term":[{"taxonomy":"post_tag","embeddable":true,"href":"https:\/\/www.moritzbastei-ev.org\/wordpress\/wp-json\/wp\/v2\/tags?post=5115"},{"taxonomy":"tribe_events_cat","embeddable":true,"href":"https:\/\/www.moritzbastei-ev.org\/wordpress\/wp-json\/wp\/v2\/tribe_events_cat?post=5115"}],"curies":[{"name":"wp","href":"https:\/\/api.w.org\/{rel}","templated":true}]}}

<p>!! ACHTUNG: Bedingt durch das Wetter zeigen wir den Film in der Veranstalltungstonne (VT) !!</p>
<p>&#8222;Sieben Meilen unter dem Meeresspiegel liegt eine Hightech-Forschungsstation, in der ein Team von Wissenschaftlern und Technikern Bohrungen vornehmen soll. Doch das klaustrophobische Leben in tiefster Tiefe, das Ingenieurin Norah (Kristen Stewart) und ihre Kollegen führen, wird eines Tages von einem Erdbeben erschüttert, das die Hülle der Station zerstört. Wasser strömt herein und tötet die meisten Crewmitglieder, doch Norah und ihr Kollege Rodrigo (Mamoudou Athie) machen sich auf die Suche nach weiteren Überlebenden. Gemeinsam mit Emily (Jessica Henwick), Paul (T.J. Miller), dem Kapitän (Vincent Cassel) und einigen anderen wagen sie schließlich den verzweifelten Versuch, in Taucheranzügen über den Meeresboden bis zur nahegelegenen Bohrstation vorzudringen. Doch dabei müssen sie sich nicht nur mit schlechten Sichtverhältnissen und hohem Druck herumschlagen, sondern werden auch von geheimnisvollen Kreaturen attackiert, die das Beben freigesetzt hat…&#8220;</p>
<p>Wir zeigen den Film in der VT 🙂 Wie gewohnt, Eintritt frei mit Knabberei!<br />
WICHTIG: Bitte beachtet die aktuellen HYGIENEVORSCHRIFTEN der Moritzbastei, haltet Abstand (mind 1,5), wascht euch die Hände, wenn ihr niesen oder husten müsst: immer in die Armbeuge. wenn ihr euch nicht gesund fühlt, bleibt Bitte zu Hause!<br />
QUELLEN:<br />
Text: https://www.filmstarts.de/kritiken/254155.html<br />
Bild: https://www.serienjunkies.de/news/underwater-trailer-thriller-kristen-stewart-97668.html</p>
