{"id":5109,"date":"2021-08-01T11:32:51","date_gmt":"2021-08-01T09:32:51","guid":{"rendered":"https:\/\/www.moritzbastei-ev.org\/wordpress\/event\/moritzkino-sommeredition-dark-city\/"},"modified":"2021-08-30T10:47:13","modified_gmt":"2021-08-30T08:47:13","slug":"moritzkino-sommeredition-dark-city","status":"publish","type":"tribe_events","link":"https:\/\/www.moritzbastei-ev.org\/wordpress\/event\/moritzkino-sommeredition-dark-city\/","title":{"rendered":"Moritzkino Sommeredition &#8211; Dark City"},"content":{"rendered":"<p>&#8222;Dark City ist eine Stadt ohne Namen, ohne Vergangenheit \u2013 und ohne Zukunft. John Murdoch (Rufus Sewell) wird gejagt. W\u00e4hrend er verzweifelt versucht, seinen Verfolgern zu entkommen, kommt er nach und nach hinter das grausige Geheimnis der Stadt: Die &#8222;Fremden&#8220; manipulieren das Leben aller Menschen und ver\u00e4ndern nach Belieben das Stadtbild. Die Au\u00dferirdischen sind dem Geheimnis der menschlichen Seele auf der Spur. Doch sie haben nicht mit der Menschlichkeit gerechnet\u2026&#8220;<\/p>\n<p>Wir zeigen den Film im Schwalbennest-Innenhof \ud83d\ude42 Wie gewohnt, Eintritt frei mit Knabberei!<br \/>\nWICHTIG: Bitte beachtet die aktuellen HYGIENEVORSCHRIFTEN der Moritzbastei, haltet Abstand (mind 1,5), wascht euch die H\u00e4nde, wenn ihr niesen oder husten m\u00fcsst: immer in die Armbeuge. wenn ihr euch nicht gesund f\u00fchlt, bleibt Bitte zu Hause!<br \/>\nQUELLEN:<br \/>\nText: https:\/\/www.moviepilot.de\/movies\/dark-city-2<br \/>\nBild: https:\/\/steampunk.fandom.com\/wiki\/Dark_City?file=DarkCity.jpg<\/p>\n","protected":false},"excerpt":{"rendered":"<p>&#8222;Dark City ist eine Stadt ohne Namen, ohne Vergangenheit \u2013 und ohne Zukunft. John Murdoch (Rufus Sewell) wird gejagt. W\u00e4hrend er verzweifelt versucht, seinen Verfolgern zu entkommen, kommt er nach [&hellip;]<\/p>\n","protected":false},"author":1,"featured_media":5110,"comment_status":"closed","ping_status":"closed","template":"","meta":{"jetpack_post_was_ever_published":false,"_tribe_events_status":"","_tribe_events_status_reason":"","footnotes":""},"tags":[35,37,36],"tribe_events_cat":[21],"class_list":["post-5109","tribe_events","type-tribe_events","status-publish","has-post-thumbnail","hentry","tag-konzert","tag-moritzkonzert","tag-moritzliest","tribe_events_cat-mbevoeffentlich","cat_mbevoeffentlich"],"jetpack_sharing_enabled":true,"_links":{"self":[{"href":"https:\/\/www.moritzbastei-ev.org\/wordpress\/wp-json\/wp\/v2\/tribe_events\/5109","targetHints":{"allow":["GET"]}}],"collection":[{"href":"https:\/\/www.moritzbastei-ev.org\/wordpress\/wp-json\/wp\/v2\/tribe_events"}],"about":[{"href":"https:\/\/www.moritzbastei-ev.org\/wordpress\/wp-json\/wp\/v2\/types\/tribe_events"}],"author":[{"embeddable":true,"href":"https:\/\/www.moritzbastei-ev.org\/wordpress\/wp-json\/wp\/v2\/users\/1"}],"replies":[{"embeddable":true,"href":"https:\/\/www.moritzbastei-ev.org\/wordpress\/wp-json\/wp\/v2\/comments?post=5109"}],"version-history":[{"count":1,"href":"https:\/\/www.moritzbastei-ev.org\/wordpress\/wp-json\/wp\/v2\/tribe_events\/5109\/revisions"}],"predecessor-version":[{"id":5117,"href":"https:\/\/www.moritzbastei-ev.org\/wordpress\/wp-json\/wp\/v2\/tribe_events\/5109\/revisions\/5117"}],"wp:featuredmedia":[{"embeddable":true,"href":"https:\/\/www.moritzbastei-ev.org\/wordpress\/wp-json\/wp\/v2\/media\/5110"}],"wp:attachment":[{"href":"https:\/\/www.moritzbastei-ev.org\/wordpress\/wp-json\/wp\/v2\/media?parent=5109"}],"wp:term":[{"taxonomy":"post_tag","embeddable":true,"href":"https:\/\/www.moritzbastei-ev.org\/wordpress\/wp-json\/wp\/v2\/tags?post=5109"},{"taxonomy":"tribe_events_cat","embeddable":true,"href":"https:\/\/www.moritzbastei-ev.org\/wordpress\/wp-json\/wp\/v2\/tribe_events_cat?post=5109"}],"curies":[{"name":"wp","href":"https:\/\/api.w.org\/{rel}","templated":true}]}}

<p>&#8222;Dark City ist eine Stadt ohne Namen, ohne Vergangenheit – und ohne Zukunft. John Murdoch (Rufus Sewell) wird gejagt. Während er verzweifelt versucht, seinen Verfolgern zu entkommen, kommt er nach und nach hinter das grausige Geheimnis der Stadt: Die &#8222;Fremden&#8220; manipulieren das Leben aller Menschen und verändern nach Belieben das Stadtbild. Die Außerirdischen sind dem Geheimnis der menschlichen Seele auf der Spur. Doch sie haben nicht mit der Menschlichkeit gerechnet…&#8220;</p>
<p>Wir zeigen den Film im Schwalbennest-Innenhof 🙂 Wie gewohnt, Eintritt frei mit Knabberei!<br />
WICHTIG: Bitte beachtet die aktuellen HYGIENEVORSCHRIFTEN der Moritzbastei, haltet Abstand (mind 1,5), wascht euch die Hände, wenn ihr niesen oder husten müsst: immer in die Armbeuge. wenn ihr euch nicht gesund fühlt, bleibt Bitte zu Hause!<br />
QUELLEN:<br />
Text: https://www.moviepilot.de/movies/dark-city-2<br />
Bild: https://steampunk.fandom.com/wiki/Dark_City?file=DarkCity.jpg</p>

<p>&#8222;Dark City ist eine Stadt ohne Namen, ohne Vergangenheit – und ohne Zukunft. John Murdoch (Rufus Sewell) wird gejagt. Während er verzweifelt versucht, seinen Verfolgern zu entkommen, kommt er nach [&hellip;]</p>
