{"id":3238,"date":"2017-10-17T13:58:39","date_gmt":"2017-10-17T11:58:39","guid":{"rendered":"http:\/\/www.moritzbastei-ev.org\/wordpress\/?post_type=tribe_events&#038;p=3238"},"modified":"2017-10-17T13:58:39","modified_gmt":"2017-10-17T11:58:39","slug":"moritzkino-filmabend-bad-milo","status":"publish","type":"tribe_events","link":"https:\/\/www.moritzbastei-ev.org\/wordpress\/event\/moritzkino-filmabend-bad-milo\/","title":{"rendered":"Moritzkino &#8211; Filmabend: Bad Milo!"},"content":{"rendered":"<p>In unserer Oktoberausgabe wird es gruselig und schr\u00e4g: Mit &#8222;Bad Milo!&#8220; von 2013 stellen wir euch mal wieder keine leichte Kost vor, denn Anald\u00e4mon Milo entschl\u00fcpft dem gestressten Duncan um alle diejenigen umzubringen, die diesem das Leben schwer machen.<\/p>\n<p>Was lernen wir daraus? Erstens: Stress ist nicht gut. Zweitens: Man sollte versuchen, seine inneren D\u00e4monen kennen zu lernen.<\/p>\n<p>Wir freuen uns auf euch und w\u00fcnschen uns allen einen sch\u00f6nen horror-comedy-Abend.<\/p>\n<p>Quelle Text &amp; Bild: http:\/\/www.filmstarts.de\/kritiken\/222997.html<\/p>\n<p>Beginn: 20:00 Uhr<\/p>\n","protected":false},"excerpt":{"rendered":"<p>In unserer Oktoberausgabe wird es gruselig und schr\u00e4g: Mit &#8222;Bad Milo!&#8220; von 2013 stellen wir euch mal wieder keine leichte Kost vor, denn Anald\u00e4mon Milo entschl\u00fcpft dem gestressten Duncan um [&hellip;]<\/p>\n","protected":false},"author":2,"featured_media":3239,"comment_status":"open","ping_status":"closed","template":"","meta":{"jetpack_post_was_ever_published":false,"_tribe_events_status":"","_tribe_events_status_reason":"","footnotes":""},"tags":[],"tribe_events_cat":[21,22],"class_list":["post-3238","tribe_events","type-tribe_events","status-publish","has-post-thumbnail","hentry","tribe_events_cat-mbevoeffentlich","tribe_events_cat-moritzbasteievtermine","cat_mbevoeffentlich","cat_moritzbasteievtermine"],"jetpack_sharing_enabled":true,"_links":{"self":[{"href":"https:\/\/www.moritzbastei-ev.org\/wordpress\/wp-json\/wp\/v2\/tribe_events\/3238","targetHints":{"allow":["GET"]}}],"collection":[{"href":"https:\/\/www.moritzbastei-ev.org\/wordpress\/wp-json\/wp\/v2\/tribe_events"}],"about":[{"href":"https:\/\/www.moritzbastei-ev.org\/wordpress\/wp-json\/wp\/v2\/types\/tribe_events"}],"author":[{"embeddable":true,"href":"https:\/\/www.moritzbastei-ev.org\/wordpress\/wp-json\/wp\/v2\/users\/2"}],"replies":[{"embeddable":true,"href":"https:\/\/www.moritzbastei-ev.org\/wordpress\/wp-json\/wp\/v2\/comments?post=3238"}],"version-history":[{"count":1,"href":"https:\/\/www.moritzbastei-ev.org\/wordpress\/wp-json\/wp\/v2\/tribe_events\/3238\/revisions"}],"predecessor-version":[{"id":3278,"href":"https:\/\/www.moritzbastei-ev.org\/wordpress\/wp-json\/wp\/v2\/tribe_events\/3238\/revisions\/3278"}],"wp:featuredmedia":[{"embeddable":true,"href":"https:\/\/www.moritzbastei-ev.org\/wordpress\/wp-json\/wp\/v2\/media\/3239"}],"wp:attachment":[{"href":"https:\/\/www.moritzbastei-ev.org\/wordpress\/wp-json\/wp\/v2\/media?parent=3238"}],"wp:term":[{"taxonomy":"post_tag","embeddable":true,"href":"https:\/\/www.moritzbastei-ev.org\/wordpress\/wp-json\/wp\/v2\/tags?post=3238"},{"taxonomy":"tribe_events_cat","embeddable":true,"href":"https:\/\/www.moritzbastei-ev.org\/wordpress\/wp-json\/wp\/v2\/tribe_events_cat?post=3238"}],"curies":[{"name":"wp","href":"https:\/\/api.w.org\/{rel}","templated":true}]}}

<p>In unserer Oktoberausgabe wird es gruselig und schräg: Mit &#8222;Bad Milo!&#8220; von 2013 stellen wir euch mal wieder keine leichte Kost vor, denn Analdämon Milo entschlüpft dem gestressten Duncan um alle diejenigen umzubringen, die diesem das Leben schwer machen.</p>
<p>Was lernen wir daraus? Erstens: Stress ist nicht gut. Zweitens: Man sollte versuchen, seine inneren Dämonen kennen zu lernen.</p>
<p>Wir freuen uns auf euch und wünschen uns allen einen schönen horror-comedy-Abend.</p>
<p>Quelle Text &amp; Bild: http://www.filmstarts.de/kritiken/222997.html</p>
<p>Beginn: 20:00 Uhr</p>

<p>In unserer Oktoberausgabe wird es gruselig und schräg: Mit &#8222;Bad Milo!&#8220; von 2013 stellen wir euch mal wieder keine leichte Kost vor, denn Analdämon Milo entschlüpft dem gestressten Duncan um [&hellip;]</p>
