{"id":96,"date":"2017-02-01T14:00:06","date_gmt":"2017-02-01T13:00:06","guid":{"rendered":"http:\/\/www.moritzbastei-ev.org\/wordpress\/?page_id=96"},"modified":"2023-04-11T15:59:25","modified_gmt":"2023-04-11T13:59:25","slug":"mb-fahrradrallye","status":"publish","type":"page","link":"https:\/\/www.moritzbastei-ev.org\/wordpress\/moritzbastei-e-v\/mb-fahrradrallye\/","title":{"rendered":"MB-Fahrradrallye"},"content":{"rendered":"<h1><strong>Moritzbastei e.V. &#8211; Fahrradrallye<\/strong><\/h1>\n<p>Die 36. Ausgabe findet am 24. Juni 2023 statt! Wir starten traditionell ab 9.00 Uhr im 3-Minuten-Takt auf der MORITZBASTEI-Terrasse. Gefahren wird eine etwa 40 km lange Runde in und um Leipzig, gespickt mit ca. einem Dutzend Stationen inklusive Mittagsstation, Zeitmessungen, Frage- und Aktionaufgaben, B-Noten, Fallen und mindestens einer Wasserstation. Die (Miss-)Erfolge werden am Abend bei Bier und Buffet von Rick (MB-Booker, Mitorganisator &amp; Streckentester) kommentiert und geehrt. Hernach gibt es auch gleich den Film, bei dem die Starterpaare &amp; Helfer \u00fcber sich und die anderen Teams lachen d\u00fcrfen.<\/p>\n<p>Wer immer up-to-date bleiben will, kann auch gern unsere gesonderte<span style=\"color: #000080;\"><strong> <a style=\"color: #000080;\" href=\"https:\/\/www.facebook.com\/moritzbastei.ev\" target=\"_blank\" rel=\"noopener\">Facebook-Fahrradrallye-Seite<\/a><\/strong><\/span> liken!<\/p>\n<p>Der VVK startet am Dienstag nach Ostern &#8211; 11. April! Tickets gibt es wie immer am Kartenschalter der MB und bei <span style=\"color: #000080;\"><strong><a style=\"color: #000080;\" href=\"https:\/\/tixforgigs.com\/site\/Pages\/Shop\/ShowEvent.aspx?ID=24676\" target=\"_blank\" rel=\"noopener\">Tix for Gigs<\/a><\/strong><\/span>! Denkt dran: Ein Ticket gilt f\u00fcr ein Paar und nicht f\u00fcr eine\/n Einzelradler\/in \ud83d\ude42 Die Teilnehmerzahl ist auf 120 Personen bzw. 60 Paare beschr\u00e4nkt.<\/p>\n<p>Der mb-Ticketshop hat leider nur Di bis Do zw. 12 und 18 Uhr ge\u00f6ffnet. Daf\u00fcr braucht ihr dort keine zus\u00e4tzlichen Geb\u00fchren bezahlen und bekommt ein wundersch\u00f6nes, von Hand nummeriertes Rallyeticket f\u00fcr euer Team!.<br \/>\nDer Preis betr\u00e4gt 59\u20ac pro Team &#8211; um einer Anhebung sind wir bedauerlicherweise nicht herum gekommen<span class=\"x3nfvp2 x1j61x8r x1fcty0u xdj266r xhhsvwb xat24cr xgzva0m xxymvpz xlup9mm x1kky2od\"><img loading=\"lazy\" decoding=\"async\" src=\"https:\/\/static.xx.fbcdn.net\/images\/emoji.php\/v9\/tcb\/1\/16\/1f641.png\" alt=\"\ud83d\ude41\" width=\"16\" height=\"16\" \/> Aber f\u00fcr das Budget bekommt ihr weiterhin das fulminant Komplettpaket Rallye 2023!<\/span><\/p>\n<div class=\"x11i5rnm xat24cr x1mh8g0r x1vvkbs xtlvy1s x126k92a\"><\/div>\n<p>Beim Kauf bitte beachten: Auch dieses Jahr gibt es wieder zwei Startfelder (ab 9.00 bzw. 10.30 Uhr) um die Wartezeiten zu verk\u00fcrzen. F\u00fcr Instruktionen, Tipps und Anmeldung nahmen die Starterpaare bereits 8.00 bzw. 9.30 Uhr im Caf\u00e9 der MB Platz.<\/p>\n<p>Tickets k\u00f6nnt ihr, so lange wir nicht ausverkauft sind, problemlos zur\u00fcckgeben. Danach helfen wir euch nat\u00fcrlich gern dabei, nicht ben\u00f6tigte Karten weiterzuvermitteln.<\/p>\n<p>Die <strong>DvDs &#8217;07 &#8211; &#8217;17<\/strong> sind \u00fcber unseren Vorstandsvorsitzenden Jens Weidhase (Weidi) zu beziehen. Schreibt ihm am besten eine Mail: jens.weidhase(at)web.de.<\/p>\n<div data-offset-key=\"a41lj-0-0\">\n<p><img data-recalc-dims=\"1\" loading=\"lazy\" decoding=\"async\" data-attachment-id=\"2361\" data-permalink=\"https:\/\/www.moritzbastei-ev.org\/wordpress\/moritzbastei-e-v\/mb-fahrradrallye\/plakate_mb-ev-fahrradrallye\/\" data-orig-file=\"https:\/\/i0.wp.com\/www.moritzbastei-ev.org\/wordpress\/wp-content\/uploads\/2017\/06\/Plakate_MB-eV-Fahrradrallye.png?fit=2045%2C960&amp;ssl=1\" data-orig-size=\"2045,960\" data-comments-opened=\"1\" data-image-meta=\"{&quot;aperture&quot;:&quot;0&quot;,&quot;credit&quot;:&quot;&quot;,&quot;camera&quot;:&quot;&quot;,&quot;caption&quot;:&quot;&quot;,&quot;created_timestamp&quot;:&quot;0&quot;,&quot;copyright&quot;:&quot;&quot;,&quot;focal_length&quot;:&quot;0&quot;,&quot;iso&quot;:&quot;0&quot;,&quot;shutter_speed&quot;:&quot;0&quot;,&quot;title&quot;:&quot;&quot;,&quot;orientation&quot;:&quot;0&quot;}\" data-image-title=\"Plakate_MB-eV-Fahrradrallye\" data-image-description=\"\" data-image-caption=\"\" data-large-file=\"https:\/\/i0.wp.com\/www.moritzbastei-ev.org\/wordpress\/wp-content\/uploads\/2017\/06\/Plakate_MB-eV-Fahrradrallye.png?fit=640%2C301&amp;ssl=1\" class=\"alignnone size-medium wp-image-2361\" src=\"https:\/\/i0.wp.com\/www.moritzbastei-ev.org\/wordpress\/wp-content\/uploads\/2017\/06\/Plakate_MB-eV-Fahrradrallye.png?resize=300%2C141&#038;ssl=1\" alt=\"Plakate zur 28., 30. und 32. MB e.V. Fahrradrallye\" width=\"300\" height=\"141\" srcset=\"https:\/\/i0.wp.com\/www.moritzbastei-ev.org\/wordpress\/wp-content\/uploads\/2017\/06\/Plakate_MB-eV-Fahrradrallye.png?resize=300%2C141&amp;ssl=1 300w, https:\/\/i0.wp.com\/www.moritzbastei-ev.org\/wordpress\/wp-content\/uploads\/2017\/06\/Plakate_MB-eV-Fahrradrallye.png?resize=768%2C361&amp;ssl=1 768w, https:\/\/i0.wp.com\/www.moritzbastei-ev.org\/wordpress\/wp-content\/uploads\/2017\/06\/Plakate_MB-eV-Fahrradrallye.png?resize=1024%2C481&amp;ssl=1 1024w, https:\/\/i0.wp.com\/www.moritzbastei-ev.org\/wordpress\/wp-content\/uploads\/2017\/06\/Plakate_MB-eV-Fahrradrallye.png?w=2045&amp;ssl=1 2045w, https:\/\/i0.wp.com\/www.moritzbastei-ev.org\/wordpress\/wp-content\/uploads\/2017\/06\/Plakate_MB-eV-Fahrradrallye.png?w=1280&amp;ssl=1 1280w, https:\/\/i0.wp.com\/www.moritzbastei-ev.org\/wordpress\/wp-content\/uploads\/2017\/06\/Plakate_MB-eV-Fahrradrallye.png?w=1920&amp;ssl=1 1920w\" sizes=\"auto, (max-width: 300px) 100vw, 300px\" \/><\/p>\n<\/div>\n<h2 data-offset-key=\"a41lj-0-0\">R\u00fcckblick 2017 &#8211; <strong>XXXII. Fahrradrallye<\/strong><\/h2>\n<p>Zum 32. Mal ludt der Moritzbastei e.V. am 17. Juni gemeinsam mit der MORITZBASTEI zum sportlich-geistigen Wettbewerb. Hier war nicht nur Kraft in den Beinen, sondern auch im Kopf gefragt. Von Humor ganz zu schweigen. Fast 60 Paare hatten einen tollen Tag &amp; es sind dieses Jahr auch alle im Ziel angekommen \ud83d\ude09<\/p>\n<h2>Unterst\u00fctzer<\/h2>\n<p>Ein gro\u00dfes <strong>DANKE an alle ehrenamtlichen Helfer und Unterst\u00fctzer<\/strong> vor und w\u00e4hrend der Rallye. Ohne euch w\u00fcrde es nicht mal halb so viel Spa\u00df machen! Wir <strong>DANKEN<\/strong> an dieser Stelle auch den Sponsoren, die die Rallye erst m\u00f6glich machen. Schaut auf deren Homepages vorbei:<\/p>\n<p><a href=\"http:\/\/www.ruecktritt.com\/\"><span style=\"color: #0000ff;\">FAHRRADLADEN R\u00dcCKTRITT<\/span><\/a><br \/>\nund auf <a href=\"https:\/\/www.facebook.com\/ruecktritt.de\">Facebook<\/a><\/p>\n<p><span style=\"color: #0000ff;\"><a href=\"http:\/\/www.tapir-store.de\/\"><span style=\"color: #0000ff;\">TAPIR STORE<\/span><\/a><\/span><br \/>\nund auf <a href=\"https:\/\/www.facebook.com\/tapir.store\">Facebook<\/a><\/p>\n<p><a href=\"http:\/\/www.bautrocknung.com\/\"><span style=\"color: #0000ff;\">BAUTROCKNUNG SCHMITTGALL<\/span><\/a><\/p>\n<p><a href=\"http:\/\/www.betourt.de\/\"><span style=\"color: #0000ff;\">*BETOURT<\/span><\/a><br \/>\nund auf <a href=\"https:\/\/www.facebook.com\/betourt\">Facebook<\/a><\/p>\n<p><a href=\"http:\/\/www.zoo-leipzig.de\/\"><span style=\"color: #0000ff;\">ZOO LEIPZIG<\/span><\/a><br \/>\nund auf <a href=\"https:\/\/www.facebook.com\/ZooLeipzig\">Facebook<\/a><\/p>\n<p><a href=\"http:\/\/www.lvz-online.de\/\"><span style=\"color: #0000ff;\">LEIPZIGER VOLKSZEITUNG<\/span><\/a><br \/>\nund auf <a href=\"https:\/\/www.facebook.com\/lvzonline\">Facebook<\/a><\/p>\n<p><a href=\"http:\/\/www.vodkaria.de\/\"><span style=\"color: #0000ff;\">VODKARIA<\/span><\/a><br \/>\nund auf <a href=\"https:\/\/www.facebook.com\/Vodkaria.Leipzig\">Facebook<\/a><\/p>\n<p><a href=\"http:\/\/www.ur-krostitzer.de\/\"><span style=\"color: #0000ff;\">UR-KROSTITZER<\/span><\/a><\/p>\n<p><span style=\"color: #0000ff;\"><a href=\"http:\/\/www.coke.de\/\"><span style=\"color: #0000ff;\">COCA COLA<\/span><\/a><\/span><\/p>\n<p><span style=\"border-radius: 2px; text-indent: 20px; width: auto; padding: 0px 4px 0px 0px; text-align: center; font: bold 11px\/20px 'Helvetica Neue',Helvetica,sans-serif; color: #ffffff; background: #bd081c no-repeat scroll 3px 50% \/ 14px 14px; position: absolute; opacity: 1; z-index: 8675309; display: none; cursor: pointer;\">Merken<\/span><\/p>\n<p><span style=\"border-radius: 2px; text-indent: 20px; width: auto; padding: 0px 4px 0px 0px; text-align: center; font: bold 11px\/20px 'Helvetica Neue',Helvetica,sans-serif; color: #ffffff; background: #bd081c no-repeat scroll 3px 50% \/ 14px 14px; position: absolute; opacity: 1; z-index: 8675309; display: none; cursor: pointer; top: 290px; left: 20px;\">Merken<\/span><\/p>\n","protected":false},"excerpt":{"rendered":"<p>Moritzbastei e.V. &#8211; Fahrradrallye Die 36. Ausgabe findet am 24. Juni 2023 statt! Wir starten traditionell ab 9.00 Uhr im 3-Minuten-Takt auf der MORITZBASTEI-Terrasse. Gefahren wird eine etwa 40 km [&hellip;]<\/p>\n","protected":false},"author":1,"featured_media":19,"parent":92,"menu_order":0,"comment_status":"closed","ping_status":"closed","template":"","meta":{"jetpack_post_was_ever_published":false,"footnotes":""},"class_list":["post-96","page","type-page","status-publish","has-post-thumbnail","hentry"],"jetpack_shortlink":"https:\/\/wp.me\/P8ss7N-1y","jetpack-related-posts":[],"jetpack_sharing_enabled":true,"_links":{"self":[{"href":"https:\/\/www.moritzbastei-ev.org\/wordpress\/wp-json\/wp\/v2\/pages\/96","targetHints":{"allow":["GET"]}}],"collection":[{"href":"https:\/\/www.moritzbastei-ev.org\/wordpress\/wp-json\/wp\/v2\/pages"}],"about":[{"href":"https:\/\/www.moritzbastei-ev.org\/wordpress\/wp-json\/wp\/v2\/types\/page"}],"author":[{"embeddable":true,"href":"https:\/\/www.moritzbastei-ev.org\/wordpress\/wp-json\/wp\/v2\/users\/1"}],"replies":[{"embeddable":true,"href":"https:\/\/www.moritzbastei-ev.org\/wordpress\/wp-json\/wp\/v2\/comments?post=96"}],"version-history":[{"count":20,"href":"https:\/\/www.moritzbastei-ev.org\/wordpress\/wp-json\/wp\/v2\/pages\/96\/revisions"}],"predecessor-version":[{"id":6025,"href":"https:\/\/www.moritzbastei-ev.org\/wordpress\/wp-json\/wp\/v2\/pages\/96\/revisions\/6025"}],"up":[{"embeddable":true,"href":"https:\/\/www.moritzbastei-ev.org\/wordpress\/wp-json\/wp\/v2\/pages\/92"}],"wp:featuredmedia":[{"embeddable":true,"href":"https:\/\/www.moritzbastei-ev.org\/wordpress\/wp-json\/wp\/v2\/media\/19"}],"wp:attachment":[{"href":"https:\/\/www.moritzbastei-ev.org\/wordpress\/wp-json\/wp\/v2\/media?parent=96"}],"curies":[{"name":"wp","href":"https:\/\/api.w.org\/{rel}","templated":true}]}}

<h1><strong>Moritzbastei e.V. &#8211; Fahrradrallye</strong></h1>
<p>Die 36. Ausgabe findet am 24. Juni 2023 statt! Wir starten traditionell ab 9.00 Uhr im 3-Minuten-Takt auf der MORITZBASTEI-Terrasse. Gefahren wird eine etwa 40 km lange Runde in und um Leipzig, gespickt mit ca. einem Dutzend Stationen inklusive Mittagsstation, Zeitmessungen, Frage- und Aktionaufgaben, B-Noten, Fallen und mindestens einer Wasserstation. Die (Miss-)Erfolge werden am Abend bei Bier und Buffet von Rick (MB-Booker, Mitorganisator &amp; Streckentester) kommentiert und geehrt. Hernach gibt es auch gleich den Film, bei dem die Starterpaare &amp; Helfer über sich und die anderen Teams lachen dürfen.</p>
<p>Wer immer up-to-date bleiben will, kann auch gern unsere gesonderte<span style="color: #000080;"><strong> <a style="color: #000080;" href="https://www.facebook.com/moritzbastei.ev" target="_blank" rel="noopener">Facebook-Fahrradrallye-Seite</a></strong></span> liken!</p>
<p>Der VVK startet am Dienstag nach Ostern &#8211; 11. April! Tickets gibt es wie immer am Kartenschalter der MB und bei <span style="color: #000080;"><strong><a style="color: #000080;" href="https://tixforgigs.com/site/Pages/Shop/ShowEvent.aspx?ID=24676" target="_blank" rel="noopener">Tix for Gigs</a></strong></span>! Denkt dran: Ein Ticket gilt für ein Paar und nicht für eine/n Einzelradler/in 🙂 Die Teilnehmerzahl ist auf 120 Personen bzw. 60 Paare beschränkt.</p>
<p>Der mb-Ticketshop hat leider nur Di bis Do zw. 12 und 18 Uhr geöffnet. Dafür braucht ihr dort keine zusätzlichen Gebühren bezahlen und bekommt ein wunderschönes, von Hand nummeriertes Rallyeticket für euer Team!.<br />
Der Preis beträgt 59€ pro Team &#8211; um einer Anhebung sind wir bedauerlicherweise nicht herum gekommen<span class="x3nfvp2 x1j61x8r x1fcty0u xdj266r xhhsvwb xat24cr xgzva0m xxymvpz xlup9mm x1kky2od"><img loading="lazy" decoding="async" src="https://static.xx.fbcdn.net/images/emoji.php/v9/tcb/1/16/1f641.png" alt="🙁" width="16" height="16" /> Aber für das Budget bekommt ihr weiterhin das fulminant Komplettpaket Rallye 2023!</span></p>
<div class="x11i5rnm xat24cr x1mh8g0r x1vvkbs xtlvy1s x126k92a"></div>
<p>Beim Kauf bitte beachten: Auch dieses Jahr gibt es wieder zwei Startfelder (ab 9.00 bzw. 10.30 Uhr) um die Wartezeiten zu verkürzen. Für Instruktionen, Tipps und Anmeldung nahmen die Starterpaare bereits 8.00 bzw. 9.30 Uhr im Café der MB Platz.</p>
<p>Tickets könnt ihr, so lange wir nicht ausverkauft sind, problemlos zurückgeben. Danach helfen wir euch natürlich gern dabei, nicht benötigte Karten weiterzuvermitteln.</p>
<p>Die <strong>DvDs &#8217;07 &#8211; &#8217;17</strong> sind über unseren Vorstandsvorsitzenden Jens Weidhase (Weidi) zu beziehen. Schreibt ihm am besten eine Mail: jens.weidhase(at)web.de.</p>
<div data-offset-key="a41lj-0-0">
<p><img data-recalc-dims="1" loading="lazy" decoding="async" data-attachment-id="2361" data-permalink="https://www.moritzbastei-ev.org/wordpress/moritzbastei-e-v/mb-fahrradrallye/plakate_mb-ev-fahrradrallye/" data-orig-file="https://i0.wp.com/www.moritzbastei-ev.org/wordpress/wp-content/uploads/2017/06/Plakate_MB-eV-Fahrradrallye.png?fit=2045%2C960&amp;ssl=1" data-orig-size="2045,960" data-comments-opened="1" data-image-meta="{&quot;aperture&quot;:&quot;0&quot;,&quot;credit&quot;:&quot;&quot;,&quot;camera&quot;:&quot;&quot;,&quot;caption&quot;:&quot;&quot;,&quot;created_timestamp&quot;:&quot;0&quot;,&quot;copyright&quot;:&quot;&quot;,&quot;focal_length&quot;:&quot;0&quot;,&quot;iso&quot;:&quot;0&quot;,&quot;shutter_speed&quot;:&quot;0&quot;,&quot;title&quot;:&quot;&quot;,&quot;orientation&quot;:&quot;0&quot;}" data-image-title="Plakate_MB-eV-Fahrradrallye" data-image-description="" data-image-caption="" data-large-file="https://i0.wp.com/www.moritzbastei-ev.org/wordpress/wp-content/uploads/2017/06/Plakate_MB-eV-Fahrradrallye.png?fit=640%2C301&amp;ssl=1" class="alignnone size-medium wp-image-2361" src="https://i0.wp.com/www.moritzbastei-ev.org/wordpress/wp-content/uploads/2017/06/Plakate_MB-eV-Fahrradrallye.png?resize=300%2C141&#038;ssl=1" alt="Plakate zur 28., 30. und 32. MB e.V. Fahrradrallye" width="300" height="141" srcset="https://i0.wp.com/www.moritzbastei-ev.org/wordpress/wp-content/uploads/2017/06/Plakate_MB-eV-Fahrradrallye.png?resize=300%2C141&amp;ssl=1 300w, https://i0.wp.com/www.moritzbastei-ev.org/wordpress/wp-content/uploads/2017/06/Plakate_MB-eV-Fahrradrallye.png?resize=768%2C361&amp;ssl=1 768w, https://i0.wp.com/www.moritzbastei-ev.org/wordpress/wp-content/uploads/2017/06/Plakate_MB-eV-Fahrradrallye.png?resize=1024%2C481&amp;ssl=1 1024w, https://i0.wp.com/www.moritzbastei-ev.org/wordpress/wp-content/uploads/2017/06/Plakate_MB-eV-Fahrradrallye.png?w=2045&amp;ssl=1 2045w, https://i0.wp.com/www.moritzbastei-ev.org/wordpress/wp-content/uploads/2017/06/Plakate_MB-eV-Fahrradrallye.png?w=1280&amp;ssl=1 1280w, https://i0.wp.com/www.moritzbastei-ev.org/wordpress/wp-content/uploads/2017/06/Plakate_MB-eV-Fahrradrallye.png?w=1920&amp;ssl=1 1920w" sizes="auto, (max-width: 300px) 100vw, 300px" /></p>
</div>
<h2 data-offset-key="a41lj-0-0">Rückblick 2017 &#8211; <strong>XXXII. Fahrradrallye</strong></h2>
<p>Zum 32. Mal ludt der Moritzbastei e.V. am 17. Juni gemeinsam mit der MORITZBASTEI zum sportlich-geistigen Wettbewerb. Hier war nicht nur Kraft in den Beinen, sondern auch im Kopf gefragt. Von Humor ganz zu schweigen. Fast 60 Paare hatten einen tollen Tag &amp; es sind dieses Jahr auch alle im Ziel angekommen 😉</p>
<h2>Unterstützer</h2>
<p>Ein großes <strong>DANKE an alle ehrenamtlichen Helfer und Unterstützer</strong> vor und während der Rallye. Ohne euch würde es nicht mal halb so viel Spaß machen! Wir <strong>DANKEN</strong> an dieser Stelle auch den Sponsoren, die die Rallye erst möglich machen. Schaut auf deren Homepages vorbei:</p>
<p><a href="http://www.ruecktritt.com/"><span style="color: #0000ff;">FAHRRADLADEN RÜCKTRITT</span></a><br />
und auf <a href="https://www.facebook.com/ruecktritt.de">Facebook</a></p>
<p><span style="color: #0000ff;"><a href="http://www.tapir-store.de/"><span style="color: #0000ff;">TAPIR STORE</span></a></span><br />
und auf <a href="https://www.facebook.com/tapir.store">Facebook</a></p>
<p><a href="http://www.bautrocknung.com/"><span style="color: #0000ff;">BAUTROCKNUNG SCHMITTGALL</span></a></p>
<p><a href="http://www.betourt.de/"><span style="color: #0000ff;">*BETOURT</span></a><br />
und auf <a href="https://www.facebook.com/betourt">Facebook</a></p>
<p><a href="http://www.zoo-leipzig.de/"><span style="color: #0000ff;">ZOO LEIPZIG</span></a><br />
und auf <a href="https://www.facebook.com/ZooLeipzig">Facebook</a></p>
<p><a href="http://www.lvz-online.de/"><span style="color: #0000ff;">LEIPZIGER VOLKSZEITUNG</span></a><br />
und auf <a href="https://www.facebook.com/lvzonline">Facebook</a></p>
<p><a href="http://www.vodkaria.de/"><span style="color: #0000ff;">VODKARIA</span></a><br />
und auf <a href="https://www.facebook.com/Vodkaria.Leipzig">Facebook</a></p>
<p><a href="http://www.ur-krostitzer.de/"><span style="color: #0000ff;">UR-KROSTITZER</span></a></p>
<p><span style="color: #0000ff;"><a href="http://www.coke.de/"><span style="color: #0000ff;">COCA COLA</span></a></span></p>
<p><span style="border-radius: 2px; text-indent: 20px; width: auto; padding: 0px 4px 0px 0px; text-align: center; font: bold 11px/20px 'Helvetica Neue',Helvetica,sans-serif; color: #ffffff; background: #bd081c no-repeat scroll 3px 50% / 14px 14px; position: absolute; opacity: 1; z-index: 8675309; display: none; cursor: pointer;">Merken</span></p>
<p><span style="border-radius: 2px; text-indent: 20px; width: auto; padding: 0px 4px 0px 0px; text-align: center; font: bold 11px/20px 'Helvetica Neue',Helvetica,sans-serif; color: #ffffff; background: #bd081c no-repeat scroll 3px 50% / 14px 14px; position: absolute; opacity: 1; z-index: 8675309; display: none; cursor: pointer; top: 290px; left: 20px;">Merken</span></p>
